{"id":1756,"date":"2021-03-15T19:26:14","date_gmt":"2021-03-15T19:26:14","guid":{"rendered":"http:\/\/kunstraum-bremen.de\/?page_id=1756"},"modified":"2021-11-09T15:00:27","modified_gmt":"2021-11-09T15:00:27","slug":"jahresgaben","status":"publish","type":"page","link":"https:\/\/kunstraum-bremen.de\/?page_id=1756","title":{"rendered":"Jahresgaben"},"content":{"rendered":"\n<p>In 2020 bot der Kunst [\u00a0\u00a0] Raum Bremen\u00a0\u00a0erstmalig Arbeiten von K\u00fcnstlern\u00a0als Jahresgabe an. In diesem Jahr, 2021, f\u00fchren wir das fort.<\/p>\n\n\n\n<p>Alle Unikate werden dem Kunst [ ] Raum Bremen exklusiv f\u00fcr die Jahresgabe zur Verf\u00fcgung gestellt. Die beteiligten\u00a0Kunstschaffenden pr\u00e4sentieren i.d.R. ihre Werke schon seit mehreren Jahren im Kunst [ ] Raum Bremen.<\/p>\n\n\n\n<p>Da Ausstellungen jedoch meistens mit Unterdeckung arbeiten, wird das\u00a0\u00a0Konzept Jahresgabe fortgef\u00fchrt, sodass nun j\u00e4hrlich qualitativ hochwertige\u00a0Kunstwerke\u00a0zu besonders g\u00fcnstigen Preisen erworben werden k\u00f6nnen.<\/p>\n\n\n\n<p>Neben den g\u00fcnstigen Konditionen bietet eine Jahresgabe die M\u00f6glichkeit, den Kunst [\u00a0\u00a0] Raum Bremen und gleichzeitig die Kunstschaffenden\u00a0zu unterst\u00fctzen. Durch die Jahresgabe ist es realisierbar, Originale dauerhaft in den eigenen Wohnr\u00e4umen zu betrachten.\u00a0<\/p>\n\n\n\n<p>Alle\u00a0Werke k\u00f6nnen zu einem Sonderpreis erworben werden. Mitglieder des Kunst [\u00a0\u00a0] Raum Bremen erhalten\u00a0einen zus\u00e4tzlichen Preisnachlass.<\/p>\n\n\n\n<p><a href=\"http:\/\/kunstraum-bremen.de\/?page_id=1830\">Jahresgabe 2021<\/a><\/p>\n\n\n\n<p><a href=\"http:\/\/kunstraum-bremen.de\/?page_id=1767\">Jahresgabe 2020<\/a><\/p>\n","protected":false},"excerpt":{"rendered":"<p>In 2020 bot der Kunst [\u00a0\u00a0] Raum Bremen\u00a0\u00a0erstmalig Arbeiten von K\u00fcnstlern\u00a0als Jahresgabe an. In diesem Jahr, 2021, f\u00fchren wir das fort. Alle Unikate werden dem Kunst [ ] Raum Bremen exklusiv f\u00fcr die Jahresgabe zur Verf\u00fcgung gestellt. Die beteiligten\u00a0Kunstschaffenden pr\u00e4sentieren &hellip; <a href=\"https:\/\/kunstraum-bremen.de\/?page_id=1756\">Weiterlesen <span class=\"meta-nav\">&rarr;<\/span><\/a><\/p>\n","protected":false},"author":2,"featured_media":0,"parent":0,"menu_order":0,"comment_status":"closed","ping_status":"closed","template":"","meta":{"footnotes":""},"class_list":["post-1756","page","type-page","status-publish","hentry"],"_links":{"self":[{"href":"https:\/\/kunstraum-bremen.de\/index.php?rest_route=\/wp\/v2\/pages\/1756","targetHints":{"allow":["GET"]}}],"collection":[{"href":"https:\/\/kunstraum-bremen.de\/index.php?rest_route=\/wp\/v2\/pages"}],"about":[{"href":"https:\/\/kunstraum-bremen.de\/index.php?rest_route=\/wp\/v2\/types\/page"}],"author":[{"embeddable":true,"href":"https:\/\/kunstraum-bremen.de\/index.php?rest_route=\/wp\/v2\/users\/2"}],"replies":[{"embeddable":true,"href":"https:\/\/kunstraum-bremen.de\/index.php?rest_route=%2Fwp%2Fv2%2Fcomments&post=1756"}],"version-history":[{"count":9,"href":"https:\/\/kunstraum-bremen.de\/index.php?rest_route=\/wp\/v2\/pages\/1756\/revisions"}],"predecessor-version":[{"id":1856,"href":"https:\/\/kunstraum-bremen.de\/index.php?rest_route=\/wp\/v2\/pages\/1756\/revisions\/1856"}],"wp:attachment":[{"href":"https:\/\/kunstraum-bremen.de\/index.php?rest_route=%2Fwp%2Fv2%2Fmedia&parent=1756"}],"curies":[{"name":"wp","href":"https:\/\/api.w.org\/{rel}","templated":true}]}}

<p>In 2020 bot der Kunst [  ] Raum Bremen  erstmalig Arbeiten von Künstlern als Jahresgabe an. In diesem Jahr, 2021, führen wir das fort.</p>



<p>Alle Unikate werden dem Kunst [ ] Raum Bremen exklusiv für die Jahresgabe zur Verfügung gestellt. Die beteiligten Kunstschaffenden präsentieren i.d.R. ihre Werke schon seit mehreren Jahren im Kunst [ ] Raum Bremen.</p>



<p>Da Ausstellungen jedoch meistens mit Unterdeckung arbeiten, wird das  Konzept Jahresgabe fortgeführt, sodass nun jährlich qualitativ hochwertige Kunstwerke zu besonders günstigen Preisen erworben werden können.</p>



<p>Neben den günstigen Konditionen bietet eine Jahresgabe die Möglichkeit, den Kunst [  ] Raum Bremen und gleichzeitig die Kunstschaffenden zu unterstützen. Durch die Jahresgabe ist es realisierbar, Originale dauerhaft in den eigenen Wohnräumen zu betrachten. </p>



<p>Alle Werke können zu einem Sonderpreis erworben werden. Mitglieder des Kunst [  ] Raum Bremen erhalten einen zusätzlichen Preisnachlass.</p>



<p><a href="http://kunstraum-bremen.de/?page_id=1830">Jahresgabe 2021</a></p>



<p><a href="http://kunstraum-bremen.de/?page_id=1767">Jahresgabe 2020</a></p>

<p>In 2020 bot der Kunst [  ] Raum Bremen  erstmalig Arbeiten von Künstlern als Jahresgabe an. In diesem Jahr, 2021, führen wir das fort. Alle Unikate werden dem Kunst [ ] Raum Bremen exklusiv für die Jahresgabe zur Verfügung gestellt. Die beteiligten Kunstschaffenden präsentieren &hellip; <a href="https://kunstraum-bremen.de/?page_id=1756">Weiterlesen <span class="meta-nav">&rarr;</span></a></p>
