{"id":57,"date":"2008-09-09T09:30:38","date_gmt":"2008-09-09T07:30:38","guid":{"rendered":"http:\/\/www.kunstraum-bremen.de\/?page_id=57"},"modified":"2018-09-25T18:23:45","modified_gmt":"2018-09-25T18:23:45","slug":"neue-seite","status":"publish","type":"page","link":"http:\/\/kunstraum-bremen.de\/?page_id=57","title":{"rendered":"Praxis-Seminare &#038; Gespr\u00e4chsabende: DAS PH\u00c4NOMEN FARBE"},"content":{"rendered":"<p style=\"text-align: justify;\"><strong>F\u00fcr Interessierte aus allen Bereichen aber auch f\u00fcr Studierende der Fachbereiche Kunsttherapie, Freie Kunst, Kunst-Textil-Medien <\/strong><\/p>\n<ol style=\"text-align: justify;\">\n<li><strong>Kunst-Praxis-Seminar<\/strong> <strong>FARBE \u2013 FARBENLEHRE- FARBE ERLEBEN<\/strong><\/li>\n<\/ol>\n<p style=\"text-align: justify;\"><strong><em>\u201e<\/em><\/strong><em>Am farbigen Abglanz haben wir das Leben\u201c (Goethe\/ Faust)<\/em> Farbe entsteht durch Licht, Dunkelheit und Materie. Licht und Finsternis sind nicht direkt sichtbar. Helligkeit entsteht, wenn Licht von der Materie reflektiert wird \u2013 dann entstehen sichtbare Farben.<\/p>\n<p style=\"text-align: justify;\">Bezugnehmend auf Goethe, Kandinsky, Itten, H\u00f6lzel und Carry van Biema stehen in diesem Seminar FARB-ERFAHRUNGEN und FARB-ERLEBEN unter den Aspekten von Subjektivit\u00e4t und Objektivit\u00e4t, Gef\u00fchl, Empfindung und Bewusstsein im Mittelpunkt sowie Farbentstehung \u2013 Farbwirkung im Bild \u2013 Farbwirkung im Menschen auf unterschiedlichen Ebenen.<\/p>\n<p style=\"text-align: justify;\">Die praktisch-k\u00fcnstlerische Arbeit steht im Vordergrund und erfolgt in erster Linie mit Aquarellfarben. Die praktische Arbeit wird begleitet durch Arbeitsbesprechungen.<\/p>\n<p style=\"text-align: justify;\"><strong>10 Abende Beginn: Montag, 6.10.2008 \u2013 15.12.2008<\/strong><br \/>\n<strong>Montags 19.30 \u2013 21.30 Uhr<\/strong><br \/>\n<strong>Kosten: 220,- \u20ac\/ erm. 180,- \u20ac zzgl. Material<\/strong><br \/>\n<strong>Ort: KunstRaum Bremen R\u00fcckertstrasse 21<\/strong><br \/>\n<strong>(ggf. im Atelier in Ottersberg-Otterstedt)<\/strong><br \/>\n<strong>Anmeldung+Information: U.Seifert 04205-8822 oder 0151-12755983<\/strong><br \/>\n<strong>ute-seifert@t-online.de<\/strong><\/p>\n<ol style=\"text-align: justify;\" start=\"2\">\n<li><strong> Kunst-Praxis-Seminar:<\/strong><\/li>\n<\/ol>\n<p style=\"text-align: justify;\"><strong>MEDITATIVER UMGANG MIT FARBE IN REIHEN UND ZYKLEN<\/strong><\/p>\n<p style=\"text-align: justify;\">\u201eFarbe ist der Ort an dem sich Mensch und Kosmos begegnen\u201c<\/p>\n<p style=\"text-align: justify;\">(Paul C\u00e9zanne)<\/p>\n<p style=\"text-align: justify;\">Aufbauend auf das Seminar Farbe \u2013 Farbenlehre steht in diesem Seminar der meditative Umgang mit Farbe im Mittelpunkt. Gearbeitet wird weiterhin mit Aquarellfarbe.<\/p>\n<p style=\"text-align: justify;\">Gearbeitet wird in lasierendem Verfahren, welches sich zugunsten einer Verfeinerung der Wahrnehmungsseite auswirkt.<\/p>\n<p style=\"text-align: justify;\">Themen sind: Farbmeditationen, Reihen und Zyklen aus dem Alltagsleben wie z.B. Wochentage, Tierkreis, Jahreszeiten. Tageslauf, Farbkreis\u2026. anhand derer wir einer kollektiven G\u00fcltigkeit innwerden k\u00f6nnen, ihres gleichnishaften, archteypischen Charakters der Farbe innewerden k\u00f6nnen, in welchem innere und \u00e4u\u00dfere Welt ihre Entsprechung finden.<\/p>\n<p style=\"text-align: justify;\">Die praktische Arbeit wird begleitet durch Arbeitsbesprechungen.<\/p>\n<p style=\"text-align: justify;\"><strong>10 Abende Beginn: Montag, 7.1.2008<\/strong><br \/>\n<strong>Montags 19.30 \u2013 21.30 Uhr<\/strong><br \/>\n<strong>Kosten: 220,- \u20ac \/ erm. 180,-\u20ac zzgl. Material<\/strong><br \/>\n<strong>Ort: KunstRaum Bremen R\u00fcckertstrasse 21<\/strong><br \/>\n<strong>(ggf. im Atelier Ottersberg-Otterstedt)<\/strong><br \/>\n<strong>Anmeldung + Information: U.Seifert 04205-8822 oder 0151-1275598<\/strong><\/p>\n<ol style=\"text-align: justify;\" start=\"3\">\n<li><strong>Gespr\u00e4chs-Abende zum Thema FARBE<\/strong><\/li>\n<\/ol>\n<p style=\"text-align: justify;\"><strong>I feel blue <\/strong><strong>ohne wenn und aber<\/strong><strong> gelb wie die Sonne <\/strong><strong>Lebensfreude<\/strong><strong> gr\u00fcn ist die Hoffnung <\/strong><strong>violettfarbener Samt <\/strong><strong>schwarz sehen wei\u00df wie die Unschuld <\/strong><\/p>\n<p style=\"text-align: justify;\">Der Umgang und die Fragestellung nach FARBE ist immer \u00dcbung in zweierlei Weise \u2013 Umgang mit seelischen Qualit\u00e4ten, deren Wahrnehmung und Gestaltung sowie die Umgang mit \u00e4u\u00dferen Erscheinungen, deren Wahrnehmung und Gestaltung und die daraus folgende Erkenntnis. Beides kann Br\u00fccke werden zum anderen Menschen.<\/p>\n<p style=\"text-align: justify;\">In dieser Reihe von Gespr\u00e4chsabenden wollen wir anhand von Referaten, Textfragmenten und Gedichten sowie Bildwerke aus dem Bereich der Kunst und Anschauungsmaterialien aus unterschied-lichen Lebensbereichen des Alltags dem Ph\u00e4nomen Farbe nachsp\u00fcren, wobei jeder Abend einer Farbe gewidmet ist.<\/p>\n<p style=\"text-align: justify;\"><strong>Freitag, 10.10.2008 Die Farbe BLAU<\/strong><br \/>\n<strong>Freitag 31.10.2008 Die Farbe ROT<\/strong><br \/>\n<strong>Freitag 7.11.2008 Die Farbe GELB<\/strong><br \/>\n<strong>Freitag 14.11.2008 Die Farbe ORANGE<\/strong><br \/>\n<strong>Freitag 21.11.2008 Die Farbe GR\u00dcN<\/strong><br \/>\n<strong>Freitag 28.11.2008 Die Farbe VIOLETT<\/strong><br \/>\n<strong>Freitag 5.12.2008 SCHWARZ + WEISS<\/strong><br \/>\n<strong>Beginn jeweils um 19.30 Uhr bis 21.00<\/strong><br \/>\n<strong>Im KunstRaum Bremen R\u00fcckertstrasse 21<\/strong><br \/>\n<strong>Kostenbeitrag: 7 Abende 60 \u20ac<\/strong><br \/>\n<strong>1 Abend 10 \u20ac<\/strong><br \/>\n<strong>Information + Anmeldung:U.Seifert 04205-8822 oder 0151-12755983<\/strong><br \/>\n<strong>ute-seifert@t-online.de<\/strong><\/p>\n","protected":false},"excerpt":{"rendered":"<p>F\u00fcr Interessierte aus allen Bereichen aber auch f\u00fcr Studierende der Fachbereiche Kunsttherapie, Freie Kunst, Kunst-Textil-Medien Kunst-Praxis-Seminar FARBE \u2013 FARBENLEHRE- FARBE ERLEBEN \u201eAm farbigen Abglanz haben wir das Leben\u201c (Goethe\/ Faust) Farbe entsteht durch Licht, Dunkelheit und Materie. Licht und Finsternis &hellip; <a href=\"http:\/\/kunstraum-bremen.de\/?page_id=57\">Weiterlesen <span class=\"meta-nav\">&rarr;<\/span><\/a><\/p>\n","protected":false},"author":1,"featured_media":0,"parent":31,"menu_order":0,"comment_status":"closed","ping_status":"open","template":"","meta":{"footnotes":""},"class_list":["post-57","page","type-page","status-publish","hentry"],"_links":{"self":[{"href":"http:\/\/kunstraum-bremen.de\/index.php?rest_route=\/wp\/v2\/pages\/57","targetHints":{"allow":["GET"]}}],"collection":[{"href":"http:\/\/kunstraum-bremen.de\/index.php?rest_route=\/wp\/v2\/pages"}],"about":[{"href":"http:\/\/kunstraum-bremen.de\/index.php?rest_route=\/wp\/v2\/types\/page"}],"author":[{"embeddable":true,"href":"http:\/\/kunstraum-bremen.de\/index.php?rest_route=\/wp\/v2\/users\/1"}],"replies":[{"embeddable":true,"href":"http:\/\/kunstraum-bremen.de\/index.php?rest_route=%2Fwp%2Fv2%2Fcomments&post=57"}],"version-history":[{"count":6,"href":"http:\/\/kunstraum-bremen.de\/index.php?rest_route=\/wp\/v2\/pages\/57\/revisions"}],"predecessor-version":[{"id":1571,"href":"http:\/\/kunstraum-bremen.de\/index.php?rest_route=\/wp\/v2\/pages\/57\/revisions\/1571"}],"up":[{"embeddable":true,"href":"http:\/\/kunstraum-bremen.de\/index.php?rest_route=\/wp\/v2\/pages\/31"}],"wp:attachment":[{"href":"http:\/\/kunstraum-bremen.de\/index.php?rest_route=%2Fwp%2Fv2%2Fmedia&parent=57"}],"curies":[{"name":"wp","href":"https:\/\/api.w.org\/{rel}","templated":true}]}}

Praxis-Seminare &#038; Gesprächsabende: DAS PHÄNOMEN FARBE

<p style="text-align: justify;"><strong>Für Interessierte aus allen Bereichen aber auch für Studierende der Fachbereiche Kunsttherapie, Freie Kunst, Kunst-Textil-Medien </strong></p>
<ol style="text-align: justify;">
<li><strong>Kunst-Praxis-Seminar</strong> <strong>FARBE – FARBENLEHRE- FARBE ERLEBEN</strong></li>
</ol>
<p style="text-align: justify;"><strong><em>„</em></strong><em>Am farbigen Abglanz haben wir das Leben“ (Goethe/ Faust)</em> Farbe entsteht durch Licht, Dunkelheit und Materie. Licht und Finsternis sind nicht direkt sichtbar. Helligkeit entsteht, wenn Licht von der Materie reflektiert wird – dann entstehen sichtbare Farben.</p>
<p style="text-align: justify;">Bezugnehmend auf Goethe, Kandinsky, Itten, Hölzel und Carry van Biema stehen in diesem Seminar FARB-ERFAHRUNGEN und FARB-ERLEBEN unter den Aspekten von Subjektivität und Objektivität, Gefühl, Empfindung und Bewusstsein im Mittelpunkt sowie Farbentstehung – Farbwirkung im Bild – Farbwirkung im Menschen auf unterschiedlichen Ebenen.</p>
<p style="text-align: justify;">Die praktisch-künstlerische Arbeit steht im Vordergrund und erfolgt in erster Linie mit Aquarellfarben. Die praktische Arbeit wird begleitet durch Arbeitsbesprechungen.</p>
<p style="text-align: justify;"><strong>10 Abende Beginn: Montag, 6.10.2008 – 15.12.2008</strong><br />
<strong>Montags 19.30 – 21.30 Uhr</strong><br />
<strong>Kosten: 220,- €/ erm. 180,- € zzgl. Material</strong><br />
<strong>Ort: KunstRaum Bremen Rückertstrasse 21</strong><br />
<strong>(ggf. im Atelier in Ottersberg-Otterstedt)</strong><br />
<strong>Anmeldung+Information: U.Seifert 04205-8822 oder 0151-12755983</strong><br />
<strong>ute-seifert@t-online.de</strong></p>
<ol style="text-align: justify;" start="2">
<li><strong> Kunst-Praxis-Seminar:</strong></li>
</ol>
<p style="text-align: justify;"><strong>MEDITATIVER UMGANG MIT FARBE IN REIHEN UND ZYKLEN</strong></p>
<p style="text-align: justify;">„Farbe ist der Ort an dem sich Mensch und Kosmos begegnen“</p>
<p style="text-align: justify;">(Paul Cézanne)</p>
<p style="text-align: justify;">Aufbauend auf das Seminar Farbe – Farbenlehre steht in diesem Seminar der meditative Umgang mit Farbe im Mittelpunkt. Gearbeitet wird weiterhin mit Aquarellfarbe.</p>
<p style="text-align: justify;">Gearbeitet wird in lasierendem Verfahren, welches sich zugunsten einer Verfeinerung der Wahrnehmungsseite auswirkt.</p>
<p style="text-align: justify;">Themen sind: Farbmeditationen, Reihen und Zyklen aus dem Alltagsleben wie z.B. Wochentage, Tierkreis, Jahreszeiten. Tageslauf, Farbkreis…. anhand derer wir einer kollektiven Gültigkeit innwerden können, ihres gleichnishaften, archteypischen Charakters der Farbe innewerden können, in welchem innere und äußere Welt ihre Entsprechung finden.</p>
<p style="text-align: justify;">Die praktische Arbeit wird begleitet durch Arbeitsbesprechungen.</p>
<p style="text-align: justify;"><strong>10 Abende Beginn: Montag, 7.1.2008</strong><br />
<strong>Montags 19.30 – 21.30 Uhr</strong><br />
<strong>Kosten: 220,- € / erm. 180,-€ zzgl. Material</strong><br />
<strong>Ort: KunstRaum Bremen Rückertstrasse 21</strong><br />
<strong>(ggf. im Atelier Ottersberg-Otterstedt)</strong><br />
<strong>Anmeldung + Information: U.Seifert 04205-8822 oder 0151-1275598</strong></p>
<ol style="text-align: justify;" start="3">
<li><strong>Gesprächs-Abende zum Thema FARBE</strong></li>
</ol>
<p style="text-align: justify;"><strong>I feel blue </strong><strong>ohne wenn und aber</strong><strong> gelb wie die Sonne </strong><strong>Lebensfreude</strong><strong> grün ist die Hoffnung </strong><strong>violettfarbener Samt </strong><strong>schwarz sehen weiß wie die Unschuld </strong></p>
<p style="text-align: justify;">Der Umgang und die Fragestellung nach FARBE ist immer Übung in zweierlei Weise – Umgang mit seelischen Qualitäten, deren Wahrnehmung und Gestaltung sowie die Umgang mit äußeren Erscheinungen, deren Wahrnehmung und Gestaltung und die daraus folgende Erkenntnis. Beides kann Brücke werden zum anderen Menschen.</p>
<p style="text-align: justify;">In dieser Reihe von Gesprächsabenden wollen wir anhand von Referaten, Textfragmenten und Gedichten sowie Bildwerke aus dem Bereich der Kunst und Anschauungsmaterialien aus unterschied-lichen Lebensbereichen des Alltags dem Phänomen Farbe nachspüren, wobei jeder Abend einer Farbe gewidmet ist.</p>
<p style="text-align: justify;"><strong>Freitag, 10.10.2008 Die Farbe BLAU</strong><br />
<strong>Freitag 31.10.2008 Die Farbe ROT</strong><br />
<strong>Freitag 7.11.2008 Die Farbe GELB</strong><br />
<strong>Freitag 14.11.2008 Die Farbe ORANGE</strong><br />
<strong>Freitag 21.11.2008 Die Farbe GRÜN</strong><br />
<strong>Freitag 28.11.2008 Die Farbe VIOLETT</strong><br />
<strong>Freitag 5.12.2008 SCHWARZ + WEISS</strong><br />
<strong>Beginn jeweils um 19.30 Uhr bis 21.00</strong><br />
<strong>Im KunstRaum Bremen Rückertstrasse 21</strong><br />
<strong>Kostenbeitrag: 7 Abende 60 €</strong><br />
<strong>1 Abend 10 €</strong><br />
<strong>Information + Anmeldung:U.Seifert 04205-8822 oder 0151-12755983</strong><br />
<strong>ute-seifert@t-online.de</strong></p>

<p>Für Interessierte aus allen Bereichen aber auch für Studierende der Fachbereiche Kunsttherapie, Freie Kunst, Kunst-Textil-Medien Kunst-Praxis-Seminar FARBE – FARBENLEHRE- FARBE ERLEBEN „Am farbigen Abglanz haben wir das Leben“ (Goethe/ Faust) Farbe entsteht durch Licht, Dunkelheit und Materie. Licht und Finsternis &hellip; <a href="http://kunstraum-bremen.de/?page_id=57">Weiterlesen <span class="meta-nav">&rarr;</span></a></p>
